7
List the prime factors of 146.
2, 73
What are the prime factors of 761?
761
What are the prime factors of 1135?
5, 227
List the prime factors of 720.
2, 3, 5
What are the prime factors of 541?
541
What are the prime factors of 3935?
5, 787
What are the prime factors of 65902?
2, 83, 397
What are the prime factors of 394?
2, 197
What are the prime factors of 964?
2, 241
List the prime factors of 2228.
2, 557
List the prime factors of 47517.
3, 47, 337
What are the prime factors of 2229?
3, 743
What are the prime factors of 57878?
2, 43, 673
What are the prime factors of 767?
13, 59
What are the prime factors of 31099?
137, 227
What are the prime factors of 17711?
89, 199
What are the prime factors of 47342?
2, 23671
List the prime factors of 536.
2, 67
List the prime factors of 1913.
1913
List the prime factors of 272.
2, 17
What are the prime factors of 3114?
2, 3, 173
What are the prime factors of 20662?
2, 10331
What are the prime factors of 7798?
2, 7, 557
List the prime factors of 610.
2, 5, 61
What are the prime factors of 299?
13, 23
What are the prime factors of 37850?
2, 5, 757
What are the prime factors of 9252?
2, 3, 257
What are the prime factors of 19821?
3, 6607
What are the prime factors of 16351?
83, 197
List the prime factors of 189.
3, 7
List the prime factors of 7639.
7639
What are the prime factors of 7379?
47, 157
What are the prime factors of 1336?
2, 167
List the prime factors of 405.
3, 5
What are the prime factors of 2961?
3, 7, 47
What are the prime factors of 7663?
79, 97
List the prime factors of 2277.
3, 11, 23
What are the prime factors of 12705?
3, 5, 7, 11
List the prime factors of 25629.
3, 8543
List the prime factors of 1362.
2, 3, 227
What are the prime factors of 3531?
3, 11, 107
What are the prime factors of 6651?
3, 739
List the prime factors of 12405.
3, 5, 827
List the prime factors of 6514.
2, 3257
What are the prime factors of 272?
2, 17
List the prime factors of 67414.
2, 37, 911
List the prime factors of 22530.
2, 3, 5, 751
List the prime factors of 2556.
2, 3, 71
List the prime factors of 119321.
119321
List the prime factors of 48196.
2, 12049
What are the prime factors of 144052?
2, 36013
List the prime factors of 27473.
83, 331
What are the prime factors of 317?
317
What are the prime factors of 1114?
2, 557
List the prime factors of 744.
2, 3, 31
What are the prime factors of 1433?
1433
List the prime factors of 1754.
2, 877
What are the prime factors of 48256?
2, 13, 29
What are the prime factors of 75468?
2, 3, 19, 331
List the prime factors of 475.
5, 19
List the prime factors of 13698.
2, 3, 761
What are the prime factors of 23242?
2, 11621
List the prime factors of 946.
2, 11, 43
List the prime factors of 5490.
2, 3, 5, 61
What are the prime factors of 34061?
34061
List the prime factors of 8207.
29, 283
What are the prime factors of 188493?
3, 83, 757
What are the prime factors of 1817?
23, 79
List the prime factors of 1829.
31, 59
List the prime factors of 5499.
3, 13, 47
List the prime factors of 1622.
2, 811
List the prime factors of 19908.
2, 3, 7, 79
What are the prime factors of 107498?
2, 59, 911
List the prime factors of 5512.
2, 13, 53
List the prime factors of 6869.
6869
What are the prime factors of 14521?
13, 1117
What are the prime factors of 26?
2, 13
List the prime factors of 28986.
2, 3, 4831
What are the prime factors of 25454?
2, 11, 13, 89
What are the prime factors of 1040?
2, 5, 13
What are the prime factors of 1703?
13, 131
What are the prime factors of 11396?
2, 7, 11, 37
What are the prime factors of 26206?
2, 13103
List the prime factors of 1585.
5, 317
List the prime factors of 2829.
3, 23, 41
List the prime factors of 28126.
2, 7, 41
List the prime factors of 4192.
2, 131
What are the prime factors of 1678?
2, 839
List the prime factors of 4383.
3, 487
What are the prime factors of 2447?
2447
List the prime factors of 3725.
5, 149
What are the prime factors of 4487?
7, 641
What are the prime factors of 1023?
3, 11, 31
What are the prime factors of 227?
227
What are the prime factors of 4577?
23, 199
List the prime factors of 3046.
2, 1523
What are the prime factors of 307?
307
What are the prime factors of 559?
13, 43
What are the prime factors of 4390?
2, 5, 439
What are the prime factors of 8811?
3, 11, 89
What are the prime factors of 146?
2, 73
What are the prime factors of 2427?
3, 809
List the prime factors of 17689.
7, 19
List the prime factors of 77491.
77491
List the prime factors of 1277.
1277
What are the prime factors of 32089?
32089
List the prime factors of 817.
19, 43
List the prime factors of 441.
3, 7
List the prime factors of 11186.
2, 7, 17, 47
List the prime factors of 4786.
2, 2393
What are the prime factors of 20548?
2, 11, 467
What are the prime factors of 2390?
2, 5, 239
What are the prime factors of 1019?
1019
List the prime factors of 19584.
2, 3, 17
What are the prime factors of 2047?
23, 89
What are the prime factors of 194313?
3, 7, 19, 487
What are the prime factors of 27807?
3, 13, 23, 31
List the prime factors of 1745.
5, 349
List the prime factors of 986.
2, 17, 29
List the prime factors of 4987.
4987
What are the prime factors of 403?
13, 31
What are the prime factors of 5020?
2, 5, 251
What are the prime factors of 966?
2, 3, 7, 23
List the prime factors of 958.
2, 479
What are the prime factors of 4719?
3, 11, 13
List the prime factors of 471.
3, 157
List the prime factors of 403.
13, 31
List the prime factors of 682.
2, 11, 31
What are the prime factors of 40458?
2, 3, 11, 613
What are the prime factors of 2227?
17, 131
List the prime factors of 1269.
3, 47
List the prime factors of 724.
2, 181
List the prime factors of 570.
2, 3, 5, 19
What are the prime factors of 983?
983
List the prime factors of 54838.
2, 7, 3917
What are the prime factors of 1138?
2, 569
What are the prime factors of 6621?
3, 2207
List the prime factors of 42251.
11, 23, 167
What are the prime factors of 3585?
3, 5, 239
What are the prime factors of 25896?
2, 3, 13, 83
List the prime factors of 22876.
2, 7, 19, 43
What are the prime factors of 1513?
17, 89
What are the prime factors of 2175?
3, 5, 29
List the prime factors of 31980.
2, 3, 5, 13, 41
List the prime factors of 18236.
2, 47, 97
What are the prime factors of 5946?
2, 3, 991
What are the prime factors of 2306?
2, 1153
What are the prime factors of 10417?
11, 947
What are the prime factors of 20052?
2, 3, 557
List the prime factors of 1363.
29, 47
What are the prime factors of 11001?
3, 19, 193
List the prime factors of 4271.
4271
What are the prime factors of 3391?
3391
List the prime factors of 8856.
2, 3, 41
What are the prime factors of 680?
2, 5, 17
What are the prime factors of 11594?
2, 11, 17, 31
List the prime factors of 3420.
2, 3, 5, 19
What are the prime factors of 38072?
2, 4759
List the prime factors of 8189.
19, 431
What are the prime factors of 99306?
2, 3, 613
What are the prime factors of 904?
2, 113
List the prime factors of 24322.
2, 12161
List the prime factors of 10787.
7, 23, 67
What are the prime factors of 59601?
3, 19867
List the prime factors of 536.
2, 67
List the prime factors of 13138.
2, 6569
What are the prime factors of 107?
107
List the prime factors of 923.
13, 71
What are the prime factors of 9835?
5, 7, 281
List the prime factors of 15009.
3, 5003
What are the prime factors of 717?
3, 239
What are the prime factors of 57775?
5, 2311
List the prime factors of 2926.
2, 7, 11, 19
What are the prime factors of 2988?
2, 3, 83
What are the prime factors of 903?
3, 7, 43
What are the prime factors of 1012?
2, 11, 23
What are the prime factors of 297?
3, 11
What are the prime factors of 5285?
5, 7, 151
List the prime factors of 1354.
2, 677
What are the prime factors of 77977?
77977
List the prime factors of 11366.
2, 5683
What are the prime factors of 33019?
7, 53, 89
List the prime factors of 137668.
2, 127, 271
What are the prime factors of 45749?
11, 4159
What are the prime factors of 2230?
2, 5, 223
What are the prime factors of 970?
2, 5, 97
What are the prime factors of 20388?
2, 3, 1699
What are the prime factors of 68301?
3, 7589
What are the prime factors of 44?
2, 11
List the prime factors of 3068.
2, 13, 59
What are the prime factors of 101672?
2, 